 remainder when b is divided by x?
1
Let y(u) = -u**3. Let c(h) = -33*h**3 + h**2 - h + 1. Let w(k) = -c(k) - 3*y(k). Calculate the remainder when w(1) is divided by (-19)/38 - 108/(-8).
9
Let u = 20 - -3. Calculate the remainder when u is divided by (-876)/(-54) - (-4)/(-18).
7
Let l(s) = -30*s**3 - 2*s**2 + 7*s + 7. What is the remainder when 162 is divided by l(-1)?
22
Let a = 53356 + -30102. Calculate the remainder when a is divided by 136.
134
Suppose 2*q = -q + 321. Let j(u) = 598*u + 3030. Calculate the remainder when q is divided by j(-5).
27
Suppose 11*i - 4*t - 1332 = 0, 4*i = 45*t - 41*t + 492. Calculate the remainder when 265 is divided by i.
25
Suppose 54*y + 4*m = 49*y + 58, m = y - 8. Let d(a) = -8*a + 3 - 4 + 26*a + 5. Calculate the remainder when d(3) is divided by y.
8
Let j = -7 + 44. Suppose 0 = -j*v + 22*v + 600. Calculate the remainder when v is divided by 26.
14
Let x(f) = -9*f**2 + 11*f + 17. Let s be x(5). Let n = s + 169. Calculate the remainder when 17 is divided by n.
1
Let y be 0 + -2*5/(-2). Suppose y*h = 2*w + 3*w + 65, 3*h + 4*w = 67. Calculate the remainder when 63 is divided by h.
12
Let t = 31 - 27. Suppose 0 = -t*v - 3*l + 19, v + 5*l = -1 - 7. Let a = -36 + 84. What is the remainder when a is divided by v?
6
Suppose -24*t + 30 = -18*t. Suppose t*n = 4*v + 2*n + 4, 3*v + 14 = 5*n. Calculate the remainder when 3 is divided by v.
1
Suppose 0 = 142*c + 1397 - 14745. Calculate the remainder when 497 is divided by c.
27
Let i = 17 - 5. Calculate the remainder when 187 is divided by (-195)/(-4) + ((-45)/i)/5.
43
What is the remainder when (-6 - (-28)/6)/(-10 - 30232/(-3024)) is divided by 219?
66
Let y = -225 + 279. Let u = y + -18. Calculate the remainder when 179 is divided by u.
35
Let r = 15551 - 15335. Calculate the remainder when r is divided by 66.
18
Suppose -3*p = 4*f - 113, -4*p - 2*f = 55 - 179. What is the remainder when 401 is divided by p?
23
Let s = -15591 - -16129. Calculate the remainder when s is divided by 106.
8
Let j(p) = 4*p**2 - 3 - 1 + 27*p - 22*p - 2*p**2. What is the remainder when 374 is divided by j(3)?
26
Let h(y) = y**3 - 7*y**2 + 7*y - 5. Let k be h(5). Let w = k - -54. Let s = -27254 - -27259. What is the remainder when w is divided by s?
4
Let q = -12320 - -13588. Calculate the remainder when q is divided by 384.
116
Let p be 6/(-2) + 4 + 2. Let l(g) = -4*g**p - 7 + 14*g + 5*g**3 - 13 + 18 - 5*g**2. Calculate the remainder when l(6) is divided by 24.
22
Calculate the remainder when 3377 is divided by ((-2238)/(-90))/(2/36)*295/118.
20
Suppose -l = o - 16 + 5, -3*o + 45 = 5*l. Let g(k) = 27*k - 5. Let n be g(l). Let v = -141 + n. What is the remainder when 26 is divided by v?
10
Let m = -6464 + 8311. What is the remainder when m is divided by 32?
23
Suppose -24*o - 2536 = -8296. What is the remainder when o is divided by 136?
104
Suppose 9*d = -q + 5353, -4*q + 3*d = 6*d - 21643. Calculate the remainder when q is divided by 319.
312
Let c = 417 + -407. Calculate the remainder when 295/118*716/c is divided by 10.
9
Let n = 1178 + -1105. Calculate the remainder when 349 is divided by n.
57
Suppose 466 = -19*q - 85. Let n = q - -56. Calculate the remainder when 357 is divided by (-1 + 9)/(5 + (-129)/n).
33
Suppose 2*p - 26 = 0, 24331*p = 4*h + 24326*p - 59. Let k = 41 - 24. Calculate the remainder when h is divided by k.
14
Calculate the remainder when 44*96/(-36)*(-429)/52 is divided by 122.
114
Let n = 435 + -440. What is the remainder when n/((-5)/22)*147/42 is divided by (4/6)/(1/30)?
17
Suppose -3*o - 1287 = -3942 - 4029. What is the remainder when o is divided by 1109?
10
Let t = -820 + 879. Calculate the remainder when t is divided by 3 + 3*46/3.
10
Let o(m) = -m**2 + 6*m + 2. Let q be o(4). What is the remainder when 17/((-1105)/q) - 1159/(-13) is divided by 10?
9
Let m = 133 + -273. Let y = -3419 - -3254. Let s = m - y. Calculate the remainder when 45 is divided by s.
20
Calculate the remainder when (178/14)/(1/7) is divided by 182/14 + (-9 - -3).
5
Let i(o) = -8*o - 137. Let s be ((-36)/1)/(-1)*4/(-8). Calculate the remainder when 145 is divided by i(s).
5
Let i = 74 + -60. Suppose i*d = 444 - 10. Calculate the remainder when d is divided by 14.
3
Suppose -6*j + 2*i = -2*j + 138, -i + 174 = -5*j. Let s = -33 - j. Suppose -s*z + 49 = -7. What is the remainder when 54 is divided by z?
26
What is the remainder when 979 is divided by 80/(-12)*693/(-66)?
69
Suppose 5*q - 5*r = 210, -r + 33 = q - 9. Let o(d) = -144*d + 2232. Calculate the remainder when o(15) is divided by q.
30
Let a be -3*(-8)/(-12) + 48. Suppose 0 = a*k - 45*k - 76. What is the remainder when k is divided by 26?
24
Suppose 78 + 97 = 5*h. Suppose 2*m + 2*r = 63 + h, m = -4*r + 55. What is the remainder when m is divided by 21?
5
Let u(j) = j**2 + 6*j - 3. Suppose -2*n + 6 = -2. Let q(m) = m**2 + 5*m - 3. Let o(a) = n*q(a) - 3*u(a). What is the remainder when 22 is divided by o(3)?
10
Suppose 156*r - 383*r = -18841. What is the remainder when 86 is divided by r?
3
Suppose -780 - 724 = -16*i. Suppose -93*u - i = -95*u. Calculate the remainder when u is divided by 10.
7
Suppose -3*w + 11640 = 5*q + 2*w, 2*w = -4*q + 9322. What is the remainder when q is divided by 146?
143
Calculate the remainder when 1514 is divided by 37/(7215/(-30)) - (669/(-39) - 2).
13
Let j(t) = 2*t**2 + t + 2. Suppose 61 = 5*k - 0*k - 4*p, -4*p + 30 = 2*k. Suppose 3 - k = 5*n. What is the remainder when 14 is divided by j(n)?
6
Suppose 33413 = 10*j - 16027. What is the remainder when j is divided by 17?
14
Let h = 26621 - 26608. Let o(g) = -3*g**3 + g**2 + g + 1. Calculate the remainder when h is divided by o(-1).
1
Let s(t) = 30*t + 6. Let g(x) = -241*x**2 - 8917*x + 32. Calculate the remainder when s(7) is divided by g(-37).
24
Suppose 20*s - 21*s = -3*x + 3439, 3*s - 4594 = -4*x. Calculate the remainder when x is divided by 227.
12
Let x(a) = 13*a + 165. Suppose 0 = l - 2*i - 28, 5*i - 11 = -l + 10. Calculate the remainder when x(l) is divided by 56.
55
Let r = 39 - -7. Let l = -89 - -237. Calculate the remainder when l is divided by r.
10
Let k = 42 + -41. Let b be -2 + k - 6/(-2 - -5). What is the remainder when 67 is divided by -5*(80/25)/(2/b)?
19
Let t be (-1722818)/(-159) + ((-4)/(-6) - 0). Suppose 6*d + t = 3258. Calculate the remainder when d/(-27) + (-2)/(-9) is divided by 25.
22
Let g(b) = -3*b**3 + 20*b**2 + 28*b - 168. What is the remainder when 295 is divided by g(6)?
7
Let n(x) = -x**2 - 5 - x + 0*x + 7*x. Let j be n(1). Suppose j = -4*a + 16, -7*s + 2*s - 2*a = -43. What is the remainder when 34 is divided by s?
6
Let g(b) = -4*b**2 + 213*b - 452. Suppose -2*i - 5*a = -3*i + 14, 35 = 4*i + a. What is the remainder when i is divided by g(51)?
2
Let f be 42*(20/(-70) + 68/(-7)). Let q = -329 - f. Calculate the remainder when q is divided by 32.
27
Let k = 7339 - 7310. What is the remainder when 84 is divided by k?
26
Let i = 26 + -24. Let m(x) = 3 - x + i*x - 3*x. Calculate the remainder when 14 is divided by m(-1).
4
Let k(b) = 56*b**3 + 3*b**2 - 2*b + 2. Suppose -15*a + 1 + 14 = 0. Calculate the remainder when 171 is divided by k(a).
53
Let r = -77 + 79. Suppose -120 = -r*a + 50. What is the remainder when a is divided by -2 - ((2 - 0) + -33)?
27
Suppose 5*i + 250 = 5*s, 4*s + 37*i = 38*i + 188. What is the remainder when 919 is divided by s?
45
Let r(d) = -16*d + 82. Let s be r(5). Suppose -49 = -3*v + 2*l, -v + 2*l + 23 = -s*l. What is the remainder when 23 is divided by v?
8
Suppose -3*w + 265 = -128. Let a be -3 - ((4 - 29) + 9). Suppose -a*j = 12*j - 475. Calculate the remainder when w is divided by j.
17
Calculate the remainder when (-3 + 6/3)*-59 is divided by 86 - 62 - (-18)/(-2).
14
Let s(q) = -35*q**2 - 73*q + 7. Calculate the remainder when 283 is divided by s(-2).
10
Calculate the remainder when 18/(((-45)/(-38))/15) is divided by 79.
70
Let w = -2705 + 2735. What is the remainder when 82 is divided by w?
22
Suppose -343 = -17*a - 3. Suppose -3*u = 11 - 5, 4*s - 20 = 2*u. What is the remainder when a is divided by (2/s)/1*14?
6
Let w(x) = -4*x**3 - x**2 - 11*x - 21. Let p be w(-4). Let h = p + -244. What is the remainder when 51 is divided by h?
13
Let b be (-14 + 0)*176/(-616). Suppose 0 = -3*y - 3*p + 930,